{"version":"1.0","provider_name":"COASA, Empresa Constructora","provider_url":"https:\/\/coasa.org\/es\/","author_name":"coasa","author_url":"https:\/\/coasa.org\/es\/author\/coasa\/","title":"Adaptaci\u00f3n de espacios en la nueva normalidad - COASA, Empresa Constructora","type":"rich","width":600,"height":338,"html":"<blockquote class=\"wp-embedded-content\" data-secret=\"hyFfp6x2ht\"><a href=\"https:\/\/coasa.org\/es\/adaptacion-de-espacios-en-la-nueva-normalidad\/\">Adaptaci\u00f3n de espacios en la nueva normalidad<\/a><\/blockquote><iframe sandbox=\"allow-scripts\" security=\"restricted\" src=\"https:\/\/coasa.org\/es\/adaptacion-de-espacios-en-la-nueva-normalidad\/embed\/#?secret=hyFfp6x2ht\" width=\"600\" height=\"338\" title=\"\u00abAdaptaci\u00f3n de espacios en la nueva normalidad\u00bb \u2014 COASA, Empresa Constructora\" data-secret=\"hyFfp6x2ht\" frameborder=\"0\" marginwidth=\"0\" marginheight=\"0\" scrolling=\"no\" class=\"wp-embedded-content\"><\/iframe><script type=\"text\/javascript\">\n\/* <![CDATA[ *\/\n\/*! This file is auto-generated *\/\n!function(d,l){\"use strict\";l.querySelector&&d.addEventListener&&\"undefined\"!=typeof URL&&(d.wp=d.wp||{},d.wp.receiveEmbedMessage||(d.wp.receiveEmbedMessage=function(e){var t=e.data;if((t||t.secret||t.message||t.value)&&!\/[^a-zA-Z0-9]\/.test(t.secret)){for(var s,r,n,a=l.querySelectorAll('iframe[data-secret=\"'+t.secret+'\"]'),o=l.querySelectorAll('blockquote[data-secret=\"'+t.secret+'\"]'),c=new RegExp(\"^https?:$\",\"i\"),i=0;i<o.length;i++)o[i].style.display=\"none\";for(i=0;i<a.length;i++)s=a[i],e.source===s.contentWindow&&(s.removeAttribute(\"style\"),\"height\"===t.message?(1e3<(r=parseInt(t.value,10))?r=1e3:~~r<200&&(r=200),s.height=r):\"link\"===t.message&&(r=new URL(s.getAttribute(\"src\")),n=new URL(t.value),c.test(n.protocol))&&n.host===r.host&&l.activeElement===s&&(d.top.location.href=t.value))}},d.addEventListener(\"message\",d.wp.receiveEmbedMessage,!1),l.addEventListener(\"DOMContentLoaded\",function(){for(var e,t,s=l.querySelectorAll(\"iframe.wp-embedded-content\"),r=0;r<s.length;r++)(t=(e=s[r]).getAttribute(\"data-secret\"))||(t=Math.random().toString(36).substring(2,12),e.src+=\"#?secret=\"+t,e.setAttribute(\"data-secret\",t)),e.contentWindow.postMessage({message:\"ready\",secret:t},\"*\")},!1)))}(window,document);\n\/* ]]> *\/\n<\/script>\n","thumbnail_url":"https:\/\/coasa.org\/wp-content\/uploads\/2020\/06\/Sin-ti\u0301tulo-5.jpg","thumbnail_width":400,"thumbnail_height":250,"description":"Esto\u00a0ha\u00a0condicionado a tomar como una de las medidas preventivas la distancia social, establecida en\u00a02m. As\u00ed pues, si solo tenemos en cuenta este punto, queda claro que muchos espacios tanto p\u00fablicos como privados, oficinas, colegios, gimnasios, centros m\u00e9dicos, residencias, entre otros necesitan ahora disponer de un espacio mayor para poder realizar sus funciones con todas las garant\u00edas."}

Adaptación de espacios en la nueva normalidad - COASA, Empresa Constructora

<blockquote class="wp-embedded-content" data-secret="hyFfp6x2ht"><a href="https://coasa.org/es/adaptacion-de-espacios-en-la-nueva-normalidad/">Adaptación de espacios en la nueva normalidad</a></blockquote><iframe sandbox="allow-scripts" security="restricted" src="https://coasa.org/es/adaptacion-de-espacios-en-la-nueva-normalidad/embed/#?secret=hyFfp6x2ht" width="600" height="338" title="«Adaptación de espacios en la nueva normalidad» — COASA, Empresa Constructora" data-secret="hyFfp6x2ht" frameborder="0" marginwidth="0" marginheight="0" scrolling="no" class="wp-embedded-content"></iframe><script type="text/javascript">
/* <![CDATA[ */
/*! This file is auto-generated */
!function(d,l){"use strict";l.querySelector&&d.addEventListener&&"undefined"!=typeof URL&&(d.wp=d.wp||{},d.wp.receiveEmbedMessage||(d.wp.receiveEmbedMessage=function(e){var t=e.data;if((t||t.secret||t.message||t.value)&&!/[^a-zA-Z0-9]/.test(t.secret)){for(var s,r,n,a=l.querySelectorAll('iframe[data-secret="'+t.secret+'"]'),o=l.querySelectorAll('blockquote[data-secret="'+t.secret+'"]'),c=new RegExp("^https?:$","i"),i=0;i<o.length;i++)o[i].style.display="none";for(i=0;i<a.length;i++)s=a[i],e.source===s.contentWindow&&(s.removeAttribute("style"),"height"===t.message?(1e3<(r=parseInt(t.value,10))?r=1e3:~~r<200&&(r=200),s.height=r):"link"===t.message&&(r=new URL(s.getAttribute("src")),n=new URL(t.value),c.test(n.protocol))&&n.host===r.host&&l.activeElement===s&&(d.top.location.href=t.value))}},d.addEventListener("message",d.wp.receiveEmbedMessage,!1),l.addEventListener("DOMContentLoaded",function(){for(var e,t,s=l.querySelectorAll("iframe.wp-embedded-content"),r=0;r<s.length;r++)(t=(e=s[r]).getAttribute("data-secret"))||(t=Math.random().toString(36).substring(2,12),e.src+="#?secret="+t,e.setAttribute("data-secret",t)),e.contentWindow.postMessage({message:"ready",secret:t},"*")},!1)))}(window,document);
/* ]]> */
</script>

Esto ha condicionado a tomar como una de las medidas preventivas la distancia social, establecida en 2m. Así pues, si solo tenemos en cuenta este punto, queda claro que muchos espacios tanto públicos como privados, oficinas, colegios, gimnasios, centros médicos, residencias, entre otros necesitan ahora disponer de un espacio mayor para poder realizar sus funciones con todas las garantías.
